mon divisor of 492272459 and 12866?
6433
What is the highest common factor of 281788 and 9308?
52
Calculate the greatest common divisor of 240 and 623718.
6
What is the highest common divisor of 43 and 8397563998?
43
Calculate the highest common factor of 766279899 and 19494.
9747
Calculate the greatest common factor of 534660 and 588.
84
What is the greatest common factor of 1465424 and 6566?
134
Calculate the greatest common factor of 3731 and 529351.
41
Calculate the greatest common divisor of 14 and 753184.
2
What is the highest common factor of 3095177 and 1192?
149
What is the greatest common divisor of 20207 and 139612?
1837
What is the highest common divisor of 55077 and 6567?
33
Calculate the greatest common divisor of 30758 and 494130.
182
What is the highest common factor of 192478353 and 2?
1
Calculate the greatest common factor of 10560078 and 30561.
501
Calculate the greatest common factor of 440 and 74085.
55
Calculate the highest common factor of 14121 and 15699.
3
What is the greatest common factor of 59645 and 3555?
395
Calculate the greatest common factor of 19751952 and 2112.
528
What is the greatest common factor of 384943 and 481?
13
What is the greatest common divisor of 260380406 and 1287?
143
Calculate the highest common divisor of 1740 and 3086180.
580
Calculate the greatest common factor of 133574 and 117782.
658
What is the highest common divisor of 46864032 and 1824?
1824
Calculate the greatest common factor of 560 and 91216784.
16
What is the highest common factor of 611354 and 1122?
34
Calculate the greatest common factor of 2821 and 5813431.
13
Calculate the greatest common divisor of 431019 and 31125.
249
What is the greatest common factor of 897 and 23085813?
69
Calculate the highest common factor of 808 and 2648287064.
808
Calculate the greatest common divisor of 341495 and 12760.
55
What is the highest common divisor of 626416 and 118252?
3196
Calculate the greatest common divisor of 1057473 and 13122.
9
What is the greatest common divisor of 101525 and 29977?
31
Calculate the greatest common factor of 42605352 and 18.
18
Calculate the greatest common factor of 24323646 and 30.
6
Calculate the greatest common factor of 1267 and 48181.
7
Calculate the greatest common divisor of 174066 and 13467.
201
What is the highest common factor of 69715645 and 460?
115
Calculate the highest common divisor of 12274045 and 1120.
35
What is the greatest common factor of 9738 and 28908?
18
Calculate the highest common factor of 114811 and 3121618.
3103
Calculate the highest common factor of 55820 and 9994571.
2791
What is the greatest common divisor of 4453715 and 14?
7
What is the highest common divisor of 216 and 535113?
27
Calculate the greatest common divisor of 1148 and 1020758.
2
Calculate the greatest common divisor of 12951012 and 960.
12
Calculate the greatest common factor of 19210 and 117023930.
1130
What is the highest common factor of 177 and 180146411?
59
What is the greatest common divisor of 63 and 71463441?
21
What is the highest common factor of 1144880 and 20240?
880
Calculate the greatest common divisor of 22735275 and 20.
5
Calculate the greatest common factor of 2599 and 200948465.
113
Calculate the greatest common factor of 1123248 and 33712.
112
Calculate the highest common factor of 17537 and 1780467.
923
What is the greatest common factor of 9052620 and 496?
124
What is the highest common factor of 339532 and 55680?
116
What is the greatest common factor of 94890315 and 6240?
195
Calculate the greatest common factor of 116 and 77782756.
116
What is the highest common divisor of 140 and 7344920?
20
What is the greatest common divisor of 18716490 and 306?
306
Calculate the greatest common divisor of 11739 and 7796061.
273
Calculate the greatest common divisor of 91 and 43159610.
13
Calculate the greatest common divisor of 6901279 and 616.
77
Calculate the greatest common factor of 505225 and 7757369.
2887
What is the greatest common factor of 39632076 and 57728?
1804
What is the highest common factor of 2395092 and 714?
42
What is the greatest common divisor of 317742080 and 229?
229
What is the greatest common divisor of 267 and 131684667?
267
Calculate the greatest common factor of 1700 and 2376100.
100
What is the greatest common divisor of 41503 and 29827966?
343
What is the greatest common divisor of 76340 and 76228960?
6940
Calculate the greatest common factor of 207186 and 798.
42
Calculate the greatest common divisor of 19 and 45672371.
19
Calculate the highest common divisor of 851518296 and 2664.
2664
What is the highest common factor of 317336 and 46728?
8
Calculate the highest common factor of 78 and 54883231.
13
Calculate the greatest common divisor of 3309176 and 1118.
26
What is the greatest common factor of 154 and 56387958?
22
What is the highest common factor of 16391 and 1518161?
443
Calculate the greatest common factor of 1491586 and 1247.
29
Calculate the highest common factor of 127088107 and 102.
17
What is the greatest common divisor of 145 and 971848?
29
Calculate the highest common divisor of 798 and 340550.
14
What is the highest common divisor of 20979 and 1104873?
21
Calculate the greatest common factor of 7941068 and 109188.
1348
What is the highest common divisor of 15347 and 488571?
149
What is the highest common divisor of 8270 and 3459820?
10
What is the highest common divisor of 1235516 and 348?
116
Calculate the highest common factor of 99630 and 774490.
410
What is the highest common divisor of 17234 and 4422983?
1231
Calculate the highest common divisor of 189525 and 1769622.
1083
What is the highest common factor of 1790082 and 630?
126
What is the greatest common factor of 11840 and 4824077760?
11840
Calculate the greatest common divisor of 7139301 and 234.
39
What is the highest common divisor of 18405 and 1076079?
1227
Calculate the highest common factor of 10725606 and 3366.
306
What is the highest common factor of 852208 and 112?
112
Calculate the greatest common divisor of 910692 and 18.
18
Calculate the highest common factor of 39249 and 53934.
267
Calculate the greatest common divisor of 21970 and 2350.
10
Calculate the highest common divisor of 703241579 and 151.
151
Calculate the greatest common factor of 10864 and 1194165448.
5432
What is the highest common factor of 3386699 and 4024?
503
What is the highest common factor of 3938 and 64076630?
358
What is the greatest common divisor of 7271 and 92326497?
661
What is the greatest common divisor of 1008 and 15142064?
112
Calculate the greatest common divisor of 30463980 and 90060.
4740
Calculate the highest common divisor of 4135 and 674255.
5
Calculate the highest common divisor of 14339 and 8710.
13
Calculate the highest common divisor of 4481399 and 3835.
13
What is the highest common factor of 11775 and 995175?
75
Calculate the greatest common divisor of 45141928 and 676.
676
What is the highest common divisor of 92845612 and 1926?
214
What is the greatest common factor of 2685 and 783090?
15
What is the highest common divisor of 10341 and 93663?
27
What is the greatest common factor of 217512 and 693558?
954
Calculate the highest common divisor of 611793 and 5561.
83
What is the highest common factor of 31262 and 76614636?
2842
What is the greatest common factor of 66 and 37206026?
22
Calculate the highest common divisor of 1636 and 15012.
4
What is the greatest common factor of 39872 and 1484224?
448
What is the highest common divisor of 7602 and 288664411?
1267
What is the highest common factor of 30 and 1285395?
15
What is the highest common divisor of 159606 and 117?
9
What is the greatest common divisor of 26757 and 114?
3
What is the greatest common factor of 728864 and 400?
16
Calculate the greatest common divisor of 350 and 2740885.
35
What is the greatest common divisor of 592454 and 6806?
166
What is the greatest common divisor of 457393568 and 10643?
10643
Calculate the greatest common factor of 1435 and 507782786.
287
Calculate the highest common divisor of 9435 and 53070.
15
What is the greatest common divisor of 78289 and 112101?
79
Calculate the highest common factor of 59575227 and 199.
199
Calculate the greatest common factor of 1155 and 27012755.
385
Calculate the highest comm